ase 15, what is -73 + -537932?
-5379a5
In base 6, what is -13545542 - -1241?
-13544301
In base 3, what is 12 + -10211100220200020?
-10211100220200001
In base 15, what is 2 - -62391a?
62391c
In base 11, what is 798a - -36a6?
10585
In base 6, what is -4310 - -31250?
22540
In base 3, what is 2122020100001201 + 0?
2122020100001201
In base 14, what is 2574d + 1438?
26b87
In base 5, what is 301143 - 11144?
234444
In base 5, what is -2012210124 + 13?
-2012210111
In base 2, what is -100 + 1000000011010011001001110?
1000000011010011001001010
In base 6, what is -213 - 4124514?
-4125131
In base 7, what is 12 - 15023534?
-15023522
In base 9, what is 1505 + -66066?
-64461
In base 12, what is -15ba - 7381?
-897b
In base 5, what is 2 - 133340213?
-133340211
In base 10, what is 1 - 2981770?
-2981769
In base 10, what is 341 + -42430?
-42089
In base 15, what is -5e9 + -1e06?
-2500
In base 13, what is -4 - -c0690bb?
c0690b7
In base 6, what is 10241245 + -344?
10240501
In base 11, what is -81 - -27a12?
27941
In base 9, what is 0 - 45868183?
-45868183
In base 9, what is -40038 - 151?
-40200
In base 3, what is 2200001111101 - 22?
2200001111002
In base 2, what is 100111000101001000 - 110110?
100111000100010010
In base 15, what is -2a85553 + 4?
-2a8554e
In base 9, what is 872 - 362103?
-361121
In base 13, what is 55 - 141946?
-1418c1
In base 2, what is -111101110 - 1111000100?
-10110110010
In base 11, what is 5 - -12371798?
123717a2
In base 15, what is -2da7a5 + 1?
-2da7a4
In base 9, what is -5 - 7826283?
-7826288
In base 5, what is 133104130 - -3?
133104133
In base 14, what is -41067 - -38c?
-40ab9
In base 7, what is -360262614 + 20?
-360262564
In base 5, what is 10241 + -1320234?
-1304443
In base 8, what is 201040 + 5434?
206474
In base 12, what is 3518022 + 2?
3518024
In base 12, what is -197 - 40798?
-40973
In base 9, what is 30 + 2812814?
2812844
In base 9, what is -586331 - -6?
-586324
In base 8, what is -3737 - -507400?
503441
In base 4, what is 2 - 201002001?
-201001333
In base 9, what is 1488388712 - 5?
1488388706
In base 13, what is -5c6b56 + -4?
-5c6b5a
In base 7, what is 4511452 + 0?
4511452
In base 11, what is -2457 - -115656?
1131aa
In base 11, what is 11 - -9977359?
997736a
In base 12, what is 1123 + 125123?
126246
In base 10, what is 5747611 - 2?
5747609
In base 12, what is -47367569 - 7?
-47367574
In base 8, what is -13150 - 13702?
-27052
In base 8, what is 7 - -13115000?
13115007
In base 9, what is 8424877 + -5?
8424872
In base 16, what is -4 + 19626c2?
19626be
In base 14, what is 4 - 1d2d237?
-1d2d233
In base 11, what is -112 + 5949992?
5949880
In base 7, what is -26140236 + 2?
-26140234
In base 2, what is 10111010110111 - -100?
10111010111011
In base 10, what is 3224 - 36427?
-33203
In base 4, what is 1030330111130 - 202?
1030330110322
In base 7, what is 2 - 41623560?
-41623555
In base 10, what is 3 + 1595607?
1595610
In base 3, what is 12120212112 + -21?
12120212021
In base 12, what is -3b5891 + 4a?
-3b5843
In base 8, what is 13 - -27710460?
27710473
In base 15, what is 17 + -8e8d09?
-8e8ce2
In base 16, what is -3 - 4661b2f?
-4661b32
In base 6, what is 415544 - -1?
415545
In base 5, what is 2041100 - -1430?
2043030
In base 7, what is -503121 + 431?
-502360
In base 13, what is 175a87c - -4?
175a883
In base 5, what is -131244 - 2103?
-133402
In base 13, what is -101790 - -c6?
-101697
In base 14, what is -3c3 - 85d?
-c42
In base 6, what is -35014 - 211235?
-250253
In base 3, what is -1222101110000 - -12?
-1222101102211
In base 3, what is -22102 - -1020120202?
1020021100
In base 8, what is -1343 + -62466?
-64031
In base 16, what is -1515e - 64?
-151c2
In base 16, what is -c - 1871?
-187d
In base 14, what is 26895a + 8?
268964
In base 2, what is -10110100111011000 + 101011?
-10110100110101101
In base 7, what is -6125454 - 202?
-6125656
In base 6, what is -154340 + -13341?
-212121
In base 16, what is 1df + e705?
e8e4
In base 4, what is -31011120123 - 23?
-31011120212
In base 7, what is -1230056 - -150?
-1226606
In base 11, what is -111194875 + 4?
-111194871
In base 9, what is 10 - -16420772?
16420782
In base 12, what is 130741 + 11?
130752
In base 2, what is 100101100011110111000111000 + -10?
100101100011110111000110110
In base 9, what is -11035 - -1258?
-8666
In base 7, what is 444 + 50035236?
50036013
In base 14, what is 80d - -114014?
114823
In base 10, what is 46 - 102684?
-102638
In base 15, what is 114 + d371d?
d3832
In base 5, what is -2104322 - 4023?
-2113400
In base 15, what is -9b3 - -228?
-78a
In base 9, what is 2 - -146852715?
146852717
In base 12, what is 3 + 4463383a?
44633841
In base 13, what is 22 + -c3114?
-c30c2
In base 15, what is 4ed74dd1 - 3?
4ed74dcd
In base 2, what is -11100110101001100010100 + 10?
-11100110101001100010010
In base 9, what is 5 + 5011541?
5011546
In base 11, what is 1a4324 - -73?
1a4397
In base 7, what is -10 + -113355516?
-113355526
In base 2, what is 100000111110110101001000 - -100110?
100000111110110101101110
In base 5, what is 1201220021 + 2441?
1201223012
In base 10, what is -848864 - 3?
-848867
In base 16, what is -344fca + 4?
-344fc6
In base 2, what is -11011111 + 11001001100110010?
11001001001010011
In base 7, what is 13644310 - 20?
13644260
In base 11, what is -3 + -4058104?
-4058107
In base 3, what is 2210220012222 - -110?
2210220020102
In base 10, what is 62853 + 2302?
65155
In base 7, what is 4064113 - -54?
4064200
In base 9, what is -288265 + 102?
-288163
In base 11, what is -28 + -2868484?
-2868501
In base 8, what is 301303 - -12?
301315
In base 4, what is -1233 - -2121123012?
2121121113
In base 16, what is -4 + -132f?
-1333
In base 16, what is -19d01 + -1ad?
-19eae
In base 12, what is 14 - -9253a?
92552
In base 2, what is -101 - 111000110110110010?
-111000110110110111
In base 4, what is -22321 + 131313103?
131230122
In base 16, what is 3bf07 - 13f0?
3ab17
In base 16, what is 63f3be - -f6?
63f4b4
In base 8, what is 6412 + -5031?
1361
In base 4, what is -3032013110000 - -1?
-3032013103333
In base 14, what is 55 + -c21a30?
-c219b9
In base 10, what is -2 + 52194682?
52194680
In base 11, what is -1563a - 119?
-15758
In base 10, what is -566478 - -42?
-566436
In base 10, what is -4 - -14372002?
14371998
In base 10, what is 2026385 - -3?
2026388
In base 7, what is 12145 + -161?
11654
In base 13, what is 342a92 - -7?
342a99
In base 9, what is -257 - 177336?
-177604
In base 16, what is -42e16 + 33?
-42de3
In base 14, what is -1989 + -5779?
-7324
In base 2, what is 10000111101010101010001000 + 1110?
10000111101010101010010110
In base 11, what is -4 + 212021?
212018
In base 15, what is -315bd9 - -10?
-315bc9
In base 13, what is -1089cc8c + 2?
-1089cc8a
In base 9, what is -1011 - 42531?
-43542
In base 5, what is 133242221 + 1?
133242222
In base 10, what is -980 - 1670?
-2650
In base 8, what is 1322 + 106323?
107645
In base 2, what is 1 + -101100010110000110010001000?
-101100010110000110010000111
In base 15, what is -5 - 20ed33a?
-20ed340
In base 12, what is -35a554 + 270?
-35a2a4
In base 6, what is -1540032440 - -3?
-1540032433
In base 6, what is 311135 + 1531?
313110
In base 13, what is 23983 + -1486?
224ca
In base 3, what is 2001210012222 + 1?
2001210020000
In base 12, what is 12b9b57 - -2?
12b9b59
In base 15, what is -2c64 + 956?
-230d
In base 2, what is 10111110 - 10001100001011000?
-10001011110011010
In base 14, what is c62 - -abbd?
ba41
In base 12, what is 3178 - 1139?
203b
In base 13, what is -51b81b - 33?
-51b851
In base 5, what is 10 + -3434410423?
-3434410413
In base 13, what is -31255c5 + -1?
-31255c6
In base 15, what is 2134 + -61d?
1a16
In base 12, what is 3 - a5a157?
-a5a154
In base 4, what is 23230122110 - -22?
23230122132
In base 2, what is -100111 - -11100101000000100?
11100100111011101
In base 9, what is 73 - 168615?
-168532
In base 5, what is 2004 - 100404202?
-100402143
In base 4, what is 113203 + -1000231?
-221022
In base 4, what is 1 - -130221000?
130221001
In base 13, what is 1149 + 3741?
488a
In base 9, what is 3 - -82514?
82517
In base 7, what is -3 + -4532166306?
-4532166312
In base 4, what is -3 + -20311010213?
-20311010222
In base 10, what is 2 + 270515863?
270515865
In base 7, what is 25 + -24516660?
-24516632
In base 3, what is -11122 - -2011022?
1222200
In base 15, what is d0